se -5 + 14 = x*b. List the prime factors of b.
3
Let z(u) = -2 - 9*u - 4 - 8*u**2 - u**3 + 3 + 4. What are the prime factors of z(-7)?
3, 5
Let d(x) = -72*x**3 - 1. Let z be d(1). Let r = 46 + z. List the prime factors of (2/3)/((-2)/r).
3
Let n(k) = k**2 + k. Let d be n(-1). Suppose d = -3*b + 17 + 16. What are the prime factors of b?
11
What are the prime factors of 11/4 - (-8)/32 - -38?
41
Let n(u) = 21*u**2 - u. Let m be n(1). Suppose 3*d - 5*d + 19 = j, -3*j = -5*d + m. What are the prime factors of d?
7
Let g be 0 + 0 + 100 + 0. Let h = g - 67. List the prime factors of h.
3, 11
Let p(t) = -t**2 - 6*t - 2. Let w be p(-3). Let d(k) = 8*k - k**3 + 0 - 4 + k**2 + 5*k**2. What are the prime factors of d(w)?
3
Suppose 0 = -4*z - 0*z + 4*u, -2*u = -6. Suppose x - 65 = -5*n - z*x, -3*x = -n + 13. List the prime factors of n.
13
Let s(t) = -13*t + 51. List the prime factors of s(-21).
2, 3
Suppose 11*h - 454 = 525. List the prime factors of h.
89
Suppose l + 3 = -5*m - 1, 3*m = -3*l + 36. List the prime factors of l.
2
Let p(j) = -8*j + 3. Let r be p(2). Let t = -5 - r. Let l = 1 + t. What are the prime factors of l?
3
Let o = -34 - -64. List the prime factors of o.
2, 3, 5
Suppose -2*z + 0*z = -10. List the prime factors of z/(-10) - 171/(-6).
2, 7
Let c(q) be the first derivative of 5*q**2/2 - 5*q - 1. Let j(f) = -4*f + 4. Let h(z) = 3*c(z) + 4*j(z). What are the prime factors of h(-3)?
2
Suppose -51 = -3*s - 15. Suppose -x = -4*x + s. List the prime factors of x.
2
Suppose -2*l = -2*k + 4, -1 + 4 = l. Let y = k + -2. Suppose -y*r = 2*r - 25. List the prime factors of r.
5
Suppose 0 = -4*d + d. Suppose d = -5*n + 86 + 64. Suppose -4*i = -0 + 4, -n = -5*o - 5*i. What are the prime factors of o?
7
Let t be 4*3/(-6) - -7. Suppose 2*h + g - 1 = -h, -t*h + 2*g - 2 = 0. Suppose h = -4*m + 31 - 7. What are the prime factors of m?
2, 3
Let u(l) = l**3 + 2*l**2 - 6*l + 7. Let w be u(-5). Let s be -1 + (-27)/1 + 2. Let a = s - w. List the prime factors of a.
2, 3
Suppose q - 10 - 19 = 0. List the prime factors of q.
29
Suppose 5 = h, -2*i + h + 171 = -0*i. List the prime factors of i.
2, 11
What are the prime factors of ((-3)/(-6)*-5)/((-1)/4)?
2, 5
Let t(w) = -w - 8. Let k be t(-8). Suppose -c + 1 = 4*s - 1, k = 2*s + 4*c - 8. Suppose s*d = 2*d - 28. List the prime factors of d.
2, 7
Let s = 75 + -10. What are the prime factors of s?
5, 13
Let v(g) = -2*g + 3. Let j be v(5). Let s be j/(-2) - (-5)/10. Suppose -s*r + t + 31 = 2*t, 0 = -2*r + 5*t - 1. What are the prime factors of r?
7
Let v(s) = -13*s + 8. Let i(m) = 3*m - 2. Let x(p) = 9*i(p) + 2*v(p). Let h be x(1). Let f = h + 7. What are the prime factors of f?
2, 3
Let y = 3 - -17. Let m = y + -35. Let f = -1 - m. What are the prime factors of f?
2, 7
Let t(n) be the third derivative of n**6/20 - n**4/24 + 2*n**2. Let b be t(1). Let g(r) = -r**3 + 5*r**2 + 2*r - 7. What are the prime factors of g(b)?
3
What are the prime factors of -3 - (-3 + -259 + 0)?
7, 37
Let y = -3 - -11. Let g = 17 - y. List the prime factors of g.
3
Let b(r) = 30*r + 13. List the prime factors of b(3).
103
Suppose 0 = -5*s - r + 153, r = 8*s - 6*s - 64. List the prime factors of s.
31
Let g(w) = -w**3 + w**2 + w + 2. Let n be g(0). Suppose n*m - 29 - 49 = 0. What are the prime factors of m?
3, 13
Suppose 5*z + j = 2*j - 492, 2*z + 5*j = -186. Let d = 153 + z. List the prime factors of d.
5, 11
Let i(u) be the second derivative of -u**4/12 - 7*u**3/6 + 3*u**2/2 + 2*u. List the prime factors of i(-5).
13
Suppose -22 = -4*n - m, -2*n + 4*m = -7*n + 33. Suppose 2 = w - 2, 0 = -u + n*w + 13. List the prime factors of u.
3, 11
Let t(d) = -9*d - 19. What are the prime factors of t(-8)?
53
Suppose 5*a = 2*i + 122, 4*i = -0*i + 16. List the prime factors of a.
2, 13
Let u(b) = b**3 - 3*b + 4. Let x(y) = 2*y**3 - 4*y + 5. Let g(i) = 4*u(i) - 3*x(i). List the prime factors of g(-1).
3
Suppose 2*p + 10 = -o, -2*o = -3*p + 2*o - 4. List the prime factors of (2 - (-4 - p))*6.
2, 3
Suppose -2*s - 24 = -3*l, 6*s - 2*s = -12. List the prime factors of (-104)/(-18) - l/(-27).
2, 3
Let b = -148 - -203. List the prime factors of b.
5, 11
Let v be -1*((0 - -2) + -46). Let d = v - 29. What are the prime factors of d?
3, 5
Let c(z) = 2*z + 1. List the prime factors of c(2).
5
Let p(m) = m**3 - 7*m**2 - 3*m + 1. What are the prime factors of p(8)?
41
Let s(t) = 3*t - 2. Let w be s(2). Suppose -41 = -w*u + 27. List the prime factors of u.
17
Let y = 2 - 6. Let r be 3/6*y/(-1). Suppose -28 = -2*m - r*m. What are the prime factors of m?
7
Let j = -19 + 41. List the prime factors of j.
2, 11
Let b(c) = -9*c**3 - 7*c**2 + 5*c + 7. Let o(n) = -28*n**3 - 20*n**2 + 14*n + 20. Let p(r) = 17*b(r) - 6*o(r). List the prime factors of p(1).
2
Suppose -2*z = z - 18. Let t = 13 - z. List the prime factors of t.
7
Suppose 50 = -4*a + 9*a. What are the prime factors of a?
2, 5
Let o(s) = -s**3 - 8*s**2 + 6*s + 7. What are the prime factors of o(-9)?
2, 17
Let m = -10 + 23. List the prime factors of 3 - (1 - (m + -2)).
13
Suppose 0 = 4*z - 25 - 15. Suppose 0 = o + 3*c + 3, 0 = -6*c + c - z. What are the prime factors of o?
3
Let n = -29 - -52. What are the prime factors of n?
23
Let y = 62 - 38. Suppose -7*j = -3*j - y. List the prime factors of j.
2, 3
Suppose 3*l = 4*f - 338, 0*l = 4*l + 8. List the prime factors of f.
83
Suppose 5*v = v + 316. Suppose -457 = -7*t - v. List the prime factors of t.
2, 3
Let j = -19 - -9. Let f = j - -36. Suppose 14 = 4*v - f. List the prime factors of v.
2, 5
Suppose -m - 2*m = 0. What are the prime factors of (-3)/(3/(-8)) - m?
2
Suppose -2*f = 5*f - 322. List the prime factors of f.
2, 23
What are the prime factors of 70 - ((-2)/8 - 66/24)?
73
Let w = -29 + -13. Let b = -22 - w. List the prime factors of b.
2, 5
Suppose -2*k + 3*k - 1 = 0. List the prime factors of (5 - 3/k) + 17.
19
Suppose -2*p - 2*v = -82, 3*p + 2*v = -0*v + 122. What are the prime factors of p?
2, 5
Suppose -4*f = -f - 93. What are the prime factors of f?
31
Suppose t = 5*b - 100, b - 6*b + 100 = 2*t. Suppose 2*u - 58 - b = 0. List the prime factors of u.
3, 13
Let d = 21 - 11. List the prime factors of d.
2, 5
Suppose -2*t = -b - b + 38, -2*b - 3*t + 33 = 0. List the prime factors of b.
2, 3
Suppose 5*n - 36 - 39 = 0. Suppose -4*p - 5*z = -79, -2*p + 14 + n = -z. List the prime factors of p.
2
Let y(u) = -4*u**2 + 3*u - 1. Let g be y(1). Let c = 5 + g. List the prime factors of c.
3
Let l = 40 - -93. What are the prime factors of l?
7, 19
Suppose 0 = 3*k + 5*n + 17, 5*k - n + 0*n = 9. List the prime factors of k + 3*(2 - 1).
2
Let q be (-3 + 1 + 4)*5. Suppose 7*d + 4*f = 3*d + 72, -4*d - 5*f = -76. Suppose -2*x + q = -d. List the prime factors of x.
2, 3
Suppose -4*m + 54 = -m. Suppose 6 = -3*d + m. What are the prime factors of d?
2
Let a(p) = -6 + 14 - 4*p + 2*p. Let s be a(6). List the prime factors of (4/(-2))/(s/14).
7
Suppose 4*q - 128 = 12. List the prime factors of q.
5, 7
Let z(c) = -c**3 - 8*c**2 + 7*c - 13. Let g be 3/(-6) + (-20)/(-8). Suppose g*m = m - 9. What are the prime factors of z(m)?
5
Let o = -63 - -168. What are the prime factors of o?
3, 5, 7
Suppose -3*c = -5*o - 98, 0 = c - 0*c - 4*o - 42. Let v(h) = h - 1. Let k be v(-3). List the prime factors of (-1)/2 - c/k.
2, 3
Let x(u) be the third derivative of -11*u**4/24 - u**3/3 - 8*u**2. What are the prime factors of x(-1)?
3
Let h be 0/(2 - 3) - 0. Suppose h = 2*w - 6, 3*x - 5*x = -3*w - 23. List the prime factors of x.
2
Suppose 0 = 2*m - 0*m - v + 34, m - v = -18. Let p be (1/2)/((-2)/m). Suppose 6*r - 20 = p*r. List the prime factors of r.
2, 5
Let t(o) = o**2 + 4*o + 2. Let x be t(-3). Let m = x + 4. Suppose m*r - 3 = 3. List the prime factors of r.
2
Suppose -3*o = o - 2*z - 66, o = 3*z + 24. Let x = 45 - o. List the prime factors of x.
2, 3, 5
Suppose 0 = -5*s - 2*d + 920, 3*s + 2*d = d + 552. List the prime factors of s.
2, 23
Suppose 4*z = 3*a - 133, -4*a + 225 = a - 5*z. List the prime factors of a.
47
Let t = -31 - -43. Let k = 59 - 25. Suppose c = n - t, 0 = 2*n + n - c - k. What are the prime factors of n?
11
Let d = 101 - 56. List the prime factors of d.
3, 5
Let h = 90 - -10. List the prime factors of h.
2, 5
Let j(i) = i**3 - 3*i**2 + 3*i - 3. Let d be j(2). Let t(z) 